j.
2
Let o(a) = -a**3 + 2*a**2 - 3*a + 9. Let j be o(0). Suppose 0 = j*i - 3734 - 4195. List the prime factors of i.
881
Let p(v) = 3*v**2 + 12*v + 33. Let m be p(-6). List the prime factors of (-4*m/6)/(17/(-119)).
2, 7, 23
Let i = -3532 + 5238. What are the prime factors of i?
2, 853
Suppose 0 = -76*o + 80*o - 12, 2*q - 2*o - 57792 = 0. What are the prime factors of q?
3, 13, 19
Suppose 3106*m = 3087*m + 128763. What are the prime factors of m?
3, 251
Let u be ((-10)/(-30))/(2/(-1482)). Let t = 335 - u. List the prime factors of t.
2, 3, 97
Let i = 74160 + -50029. List the prime factors of i.
59, 409
Let b be ((-214)/(-8))/(16/64). Suppose b + 293 = 2*m. List the prime factors of m.
2, 5
Suppose -6*b = -50145 - 19617. What are the prime factors of b?
7, 11, 151
Suppose 125 = -44*k - 7. What are the prime factors of (7 + k + -281)/(-1)?
277
Suppose -5*r + 6248 = 3*s, 39*s + 6 = 40*s. List the prime factors of r.
2, 7, 89
Let l(d) = -d**3 + 4*d**2 - 3*d + 12. Let b be l(4). Suppose b = -38*s + 48*s - 1190. List the prime factors of s.
7, 17
Suppose 0 = 2*r - 5*r + 18. Suppose -r*g = -2*g - 2*i, 0 = -g - 5*i + 22. Suppose 10*o - 712 = g*o. What are the prime factors of o?
89
Let r(l) = -32*l**3 - 45*l**2 - 52*l + 9. List the prime factors of r(-7).
2, 3, 127
Suppose -5*p = -3*f - 0*f - 14, -20 = -5*p. Suppose f*j = -3*c + 472 + 381, 0 = -3*c + 9. What are the prime factors of j?
2, 211
Let q(o) = -157*o - 40. Let b be q(-3). Let l = 700 - b. What are the prime factors of l?
269
What are the prime factors of 1/(5/10) + (28664 - 0)?
2, 11, 1303
Let q be 4/34 - 198/(-51). Suppose 3*d + 4*i - 712 = 0, d - q*i + 99 - 315 = 0. What are the prime factors of d?
2, 29
Let i be 168/(-10)*(-8 - (-324)/8). Let g = 114 - i. List the prime factors of g.
2, 3, 5, 11
Suppose -4*p - 2*c + 12 = 0, 2*p - 4 - 6 = -3*c. Suppose 0 + p = w + 5*j, -5*w = 4*j - 10. What are the prime factors of (((-696)/30)/w)/((-4)/10)?
29
Suppose -5*i + 114 + 6 = 0. Suppose 444 = i*o - 756. List the prime factors of o.
2, 5
Let j = -77 - -117. Let h = j + -53. Let k(o) = -o**3 - 11*o**2 + 27*o + 29. What are the prime factors of k(h)?
2
Suppose 5*i - 3*p = 412 + 425, -i + 2*p = -166. List the prime factors of 5*(i/15 - 6).
2, 13
Let z(b) be the first derivative of b**4/4 + 13*b**3/3 + 4*b**2 - 3*b - 39. Let o be z(-12). List the prime factors of (-8)/6*o/(-6).
2, 5
Let k = -47070 + 79602. List the prime factors of k.
2, 3, 2711
Let g(n) = 2*n**2 - 54*n + 59. Let r be g(26). Suppose 0 = -r*j + 1041 + 8185. What are the prime factors of j?
2, 659
Let s(n) = n + 8. Let p be s(15). Suppose -4*l + 3*g = -p, 0 = -2*l - 2*g + 3 + 5. Let w(v) = 19*v - 18. List the prime factors of w(l).
7, 11
Let s(c) = 55*c - 53. Let m be s(10). Suppose 3*o + 2*b - 94 = b, 4*o + 3*b = 117. Suppose -5*a + m = -o. List the prime factors of a.
2, 53
Let x be (3/2)/((-6)/472). Let t = 299 - x. Suppose 0 = -7*q + 87 + t. List the prime factors of q.
2, 3
Let p = 74497 + -43292. List the prime factors of p.
5, 79
Let o(n) = -13*n**2 + 36*n + 78. Let x(u) = 6*u**2 - 18*u - 39. Let v(w) = 4*o(w) + 9*x(w). Let k be v(20). Let s = k - 276. What are the prime factors of s?
5
Suppose -2*g - 2*x - 1168 = 1360, 0 = 2*g - 4*x + 2504. Let y = -78 - g. What are the prime factors of y?
2, 3, 197
Let x = -423 - -299. Let l = x - -263. What are the prime factors of l?
139
Let i(q) = q**3 + 4*q**2 - 4*q + 3. Let v be i(-4). Suppose 3*x - 10 = -2*x - 5*w, 0 = -5*x + 5*w. What are the prime factors of (v - 18)*281*x?
281
Let a(m) = 21*m**3 + 51*m**2 - 477*m. What are the prime factors of a(8)?
2, 3, 5, 17
Suppose -9*o + 12*o - 7 = 2*d, -2*d + 18 = 2*o. Suppose 3*s = 5*r - 794, 0 = -o*s + 8 + 2. What are the prime factors of r?
2, 5
List the prime factors of (-5 + ((-414)/(-27))/2)/(2/7776).
2, 3
Suppose 196*u = a + 197*u - 17576, 0 = -3*u + 3. List the prime factors of a.
5, 19, 37
Let g = -2846 - -10130. List the prime factors of g.
2, 3, 607
Let g = 23 - 25. List the prime factors of 0/(g - 1) - -269.
269
Let b = 85 - 100. What are the prime factors of 79*b/((-120)/64)?
2, 79
Suppose 7*g + 102 = 10*g. Suppose -33*i - 526 = -g*i. What are the prime factors of i?
2, 263
Let b be ((-1405)/(-10))/(3 + 5/(-2)). Suppose -26*y = -29*y - c + 421, -2*y + b = c. List the prime factors of y.
2, 5, 7
Let t be (-13 - -1)*((-45)/27)/(-5). Let s(a) = 5 + 4*a - 29*a + 16. List the prime factors of s(t).
11
Suppose -12395 = -7*b - 4632. List the prime factors of b.
1109
Suppose 51644 = 13*p - 1916. What are the prime factors of p?
2, 5, 103
Let u = -277 - -192. Let v be (0 - -2) + u + -3 + 6. List the prime factors of 0 - (-3 - -4) - v.
79
Let t be (-7 + 6 + 1)/(-2 + 1). Suppose t = -4*c + 5*i + 1727 + 1198, 0 = 3*c + 4*i - 2217. List the prime factors of c.
3, 5, 7
Suppose -5*t = 5*o - 155, -2*o = 5*t - 43 - 28. List the prime factors of (52/(-8) - -5)*o/(-3).
2, 7
Let r(k) = 4*k**2 + 90*k + 544. List the prime factors of r(-29).
2, 11, 59
Suppose -8491 = -16*d + 9*d. Let b = d + -663. List the prime factors of b.
2, 5, 11
Suppose -5*p - 396 = -6*p + 2*m, -765 = -2*p - 5*m. Let c be 817/13 + (-5)/(p/(-12)). Suppose -c - 27 = -n. List the prime factors of n.
2, 3, 5
Let j = 9096 + 29551. List the prime factors of j.
7, 5521
Suppose 2*n - 40 = -6*n. Suppose n*b = -4*b. Suppose 448 = 3*s + 4*m, b*s + 584 = 4*s + 2*m. What are the prime factors of s?
2, 3
Let k be (-8 - 336/(-32))*(-904)/10. Let a(i) = -13*i**2 - 6*i + 4. Let j be a(-6). Let d = k - j. What are the prime factors of d?
2, 101
Let j = -20 + 35. What are the prime factors of (-8 - (-219)/j)*65?
3, 11, 13
Let t(w) be the third derivative of -w**8/20160 + w**7/630 - w**5/3 + 10*w**2. Let r(q) be the third derivative of t(q). List the prime factors of r(2).
2, 3
Suppose 15*n = 42 + 18. Suppose 2*m + r = 9, 4 + 5 = -2*m + 5*r. Suppose -c + 3*p - 553 = -6*c, m*c - n*p - 326 = 0. List the prime factors of c.
2, 5, 11
Let s(x) = -4*x**3 - 17*x**2 - x - 199. List the prime factors of s(-18).
31, 569
What are the prime factors of 6/(-8 - 5889030/(-736113))?
35053
Let u be -1*6*(-11 + (-341)/(-33)). Suppose -2*q = -2*l - 4*q + 2462, 2*q + 4930 = u*l. What are the prime factors of l?
2, 7, 11
Suppose -3*b + 5*z + 3368 = 0, -5*b = -4*z - 2204 - 3392. What are the prime factors of b?
2, 3, 31
Let w(o) = o**2 - 12*o + 34. Let t be w(12). Let j = t + -2. List the prime factors of j.
2
Let y(p) = p**3 + 19*p**2 - 19*p + 28. Let u be y(-20). Suppose u*q = -0*q + 1888. What are the prime factors of q?
2, 59
Let b = 1142 + -356. Suppose -2*g + 2064 = 2*i, -i + g + 248 = -b. What are the prime factors of i?
1033
Let z(q) = -1715*q + 494. What are the prime factors of z(-13)?
13, 1753
Let w = -41 + 44. Let j be ((-10)/w)/(4/(-6)). What are the prime factors of -1 + 0/(-1) + j + 67?
71
Suppose 0 = 5*s - 3*y + 5, 5*s - 3*y + 4*y = 15. Let b(c) = c**2 + 11*c + 34. Let a be b(-15). Suppose -s*l = -a - 128. What are the prime factors of l?
3, 37
Let w(v) = -v**3 + 23*v**2 - 36*v + 75. Let g = 409 + -390. List the prime factors of w(g).
5, 167
Let z = 26092 - 14064. What are the prime factors of z?
2, 31, 97
Suppose 4*m + 1 = m + 5*k, 0 = 5*m + k - 17. Suppose -116 = -4*h + m*t, 5*t - 28 - 56 = -2*h. Suppose 516 = 36*v - h*v. What are the prime factors of v?
3, 43
Suppose -2*d - 1 = -3*d. Suppose 2*m + 5*g = -6 - 1, -4*m = 5*g - d. What are the prime factors of ((-56)/(-20) - m)*(-29 + -1)?
2, 3
Let x = 3857 - 3694. Let p = 408 - 32. Let k = p - x. List the prime factors of k.
3, 71
Let b = -369 - -372. What are the prime factors of 9 - -233 - b*-2?
2, 31
Let x(u) = -6*u**3 + 12*u**2 - 2*u - 10. Let v(p) = -p**3 + p**2. Let l(j) = 8*v(j) - x(j). What are the prime factors of l(-3)?
2, 11
Let i = -77 - -76. What are the prime factors of (2/i - -4 - 1)*238?
2, 7, 17
Let z be 7 + 6040/(-16) + 9/6. Let u = z - -671. What are the prime factors of u?
2, 151
Let u(b) = 677*b**2 + 160*b + 161. List the prime factors of u(-1).
2, 3, 113
Let x = 48 + 8. Suppose 41*c = 45*c - x. Suppose -2830 = -c*q + 124. What are the prime factors of q?
211
Let x = -82186 + 132654. What are the prime factors of x?
2, 11, 31, 37
Let r(q) = 23*q**2 - 22*q + 12. What are the prime factors of r(-18)?
2, 3, 5, 131
Let n be 6 - (-9)/(-3